60 - 2?
15
Suppose -12 = -x + 2. Let v(s) = 0*s - 3 + 3*s**2 - 2*s**2 + s. Calculate the remainder when v(5) is divided by x.
13
Let r = 7 + -5. Suppose 3*t - 101 = -5*z, 4*t + r*z = 5*z + 154. What is the remainder when t is divided by 13?
11
Let r(l) = l**3 - 10*l**2 + 5*l - 10. Let k be r(10). Suppose -g + k = 4*g. What is the remainder when 15 is divided by g?
7
Let s = 64 + -33. Let j(c) = 17*c**2. Let m be j(1). Calculate the remainder when s is divided by m - 0 - (1 + 0).
15
Suppose z + o + 1 - 5 = 0, 0 = -z - 3*o + 12. Let n(d) = -d**2 + 13. Let l = -282 - -305. Calculate the remainder when l is divided by n(z).
10
Suppose y + 7 + 26 = 5*u, 2*u = 5*y + 27. Let d(j) = 4*j - 9. What is the remainder when 29 is divided by d(u)?
14
Let o(d) = -6*d - 4. What is the remainder when (0 + (-116)/(-6))*3 is divided by o(-4)?
18
Let r = 82 - 72. Suppose -p + 31 = 2. What is the remainder when p is divided by r?
9
Let h be (4/(-3))/(20/150). Let a = 14 + h. Suppose -3*p = -2*p + f - 24, a*p - 99 = -5*f. What is the remainder when p is divided by 12?
9
Suppose q - i = 14, -3*q - i + 0*i + 22 = 0. What is the remainder when 31 is divided by q?
4
Let g = 16 - 7. What is the remainder when 61 is divided by (-568)/(-36) + 2/g?
13
Let d = 366 + -215. Calculate the remainder when d is divided by 22.
19
Let j(h) be the second derivative of 3*h**3/2 - h**2/2 + h. Let a = -5 + 14. What is the remainder when j(2) is divided by a?
8
Suppose 4*d + 5*i = 123, 0*d = -3*d - 3*i + 90. Calculate the remainder when d is divided by 6.
3
Let c = -4 + 14. What is the remainder when 0 - (1 - -1) - -21 is divided by c?
9
Suppose 0*f - 2*f = -40. Suppose 0 = -3*c + 4 + f. What is the remainder when 31 is divided by c?
7
Suppose 3*v - 55 = -4*o, -4*o = -2*v - o + 31. Calculate the remainder when 67 is divided by v.
16
Suppose 2*p = 4*r - 2*r + 60, -p + 5*r + 26 = 0. What is the remainder when p is divided by ((-2)/4)/(1/(-22))?
9
Let s = 4 - -45. What is the remainder when s is divided by 14?
7
Let z = 10 + 0. Let m(f) = 5*f**2 + 2*f + 1. What is the remainder when z is divided by m(-1)?
2
Suppose -3*m = -8*m + 40. Calculate the remainder when 174/9*(-12)/(-8) is divided by m.
5
Suppose -4*c = -m + 26, -5*m + 3*c = -3*m - 27. Let x(l) = 6*l + 14. Calculate the remainder when x(m) is divided by 26.
24
Suppose -3*k + 0*k = 0. Suppose -f + k*f + 13 = 0. Suppose 0 = -2*p - 2, 3*d + 2*p - p = 110. What is the remainder when d is divided by f?
11
Let q = 5 + -7. Let l = -3 - -14. What is the remainder when q*(-15 - (-1 - -2)) is divided by l?
10
Let i = 26 - 2. Calculate the remainder when 70 is divided by i.
22
Let u(a) = -a**3 - 2*a**2 - 5*a - 5. What is the remainder when 52 is divided by u(-3)?
14
Let a = 4 + -1. Suppose a*q = -6, -6*c = -2*c - 3*q + 14. Calculate the remainder when (-5)/(c/2) + 1 is divided by 2.
1
Suppose -12*k + 7*k = -10. What is the remainder when 7 is divided by k?
1
Suppose 0 = -3*l - 10 + 103. Let p = 0 + 8. What is the remainder when l is divided by p?
7
Suppose 9*q = 4*q - 3*w - 195, 2*q - 2*w + 62 = 0. Let a = -2 - q. What is the remainder when a is divided by 24/(-2)*2/(-2)?
10
Suppose 0 = -x - 3*x + 2*v + 352, -4*x - v + 364 = 0. Calculate the remainder when x is divided by 13.
12
Let a(h) = h**2 + 5*h - 3. Calculate the remainder when 97 is divided by a(-9).
31
Suppose -4 = 4*v, -3*q - 3*v - v = -131. Calculate the remainder when q is divided by 12.
9
Suppose -2*n = 2*m, -4*m = -n - n. Suppose -3*p + 5*z + 23 = 0, 0*p + p - 4*z - 10 = m. What is the remainder when 23 is divided by p?
5
Suppose 4*t - 2 = -2*l + 2*t, -t = -4*l + 9. Suppose 5*w + 25 = l*v - 0, 0 = -4*v - w + 83. What is the remainder when 39 is divided by v?
19
Suppose 3*j = 3*a - 6, -4*a = -2*j - 0*j - 14. Suppose 0 = i - j*i - 8. What is the remainder when 9 is divided by (-25)/i - (-2)/(-8)?
3
Let w = 5 - 7. Suppose 7*z + 23 = 149. Calculate the remainder when z is divided by (5/w)/1*-4.
8
Let f(q) = -47*q**3 - q**2. Suppose 1 = -y - 0*y. Calculate the remainder when f(y) is divided by 12.
10
Let b(q) = 12*q - 26. Let v(x) = -4*x + 9. Let r(c) = -3*b(c) - 8*v(c). Calculate the remainder when r(-5) is divided by 7.
5
Let l be (8/12)/((-4)/(-30)). Let u be (l/(-4))/((-3)/156). Let a = u - 39. What is the remainder when a is divided by 14?
12
Let r be (-22)/(-5) - 2/5. Suppose 120 = v - r*v. Calculate the remainder when 1/(-2)*(2 + v) is divided by 10.
9
What is the remainder when 12 is divided by 1/((-2)/(-4)) + (-6 - -11)?
5
Suppose 6*f - 63 = 27. Suppose -3*r + 4*r - 58 = 0. What is the remainder when r is divided by f?
13
Suppose -9 - 21 = -3*w. Suppose 0 = 4*p + 2*s + 3*s - 62, 0 = 4*p + s - 70. Calculate the remainder when p is divided by w.
8
Suppose 0 = 2*j - 7*j + 20. What is the remainder when j is divided by 3?
1
Let g(v) = v**3 + 5*v**2 - 2*v - 4. Let z(n) = -n**3 + 4*n**2 - 5*n + 2. Let u be z(3). What is the remainder when 38 is divided by g(u)?
18
Suppose y + 122 = 4*f + 3*y, 3*f - 98 = 5*y. What is the remainder when f is divided by 18?
13
Calculate the remainder when 154/33*(-72)/(-14) is divided by 14.
10
Let a = -40 - -70. Calculate the remainder when a is divided by 8.
6
Let r = -136 + 255. Let f = r + -81. What is the remainder when f is divided by 13?
12
Let c = -3 - -5. Suppose 3*u - 47 = 2*u - 2*r, -94 = -2*u - c*r. Let s(k) = -k**3 - 2*k**2 + 3*k - 4. What is the remainder when u is divided by s(-4)?
15
Let t = 3 - 3. Suppose -4*q = 5*f + 27 - 63, t = -4*q - 4. Calculate the remainder when 22 is divided by f.
6
Suppose -3*g = -3*d - 6, 0*d = -2*d + g. Suppose d*y - 10 = -0*y. Suppose 3*o + t + 2*t = 33, 15 = y*t. Calculate the remainder when 15 is divided by o.
7
Suppose 2*p - 2*l - 38 = 0, 0 = 4*p - 2*p - 5*l - 41. Suppose 2*c + 0*c - u - 67 = 0, 3*u - 79 = -2*c. Calculate the remainder when c is divided by p.
17
Let c(w) = w**2 + 5. Calculate the remainder when 14 is divided by c(0).
4
What is the remainder when 30*1*(-4 - -5) is divided by 16?
14
Let k(f) = 4*f - 13. Suppose 0 = -0*d - 2*d + 4. Suppose 7 = -j + 5*b - 3, -4*b = d*j - 50. What is the remainder when k(14) is divided by j?
13
Let h(t) = -t**3 - 2*t**2 - t. Let d be h(-2). Calculate the remainder when 0 + 96 - (d - 0) is divided by 24.
22
Let v be 1/2*(5 + 1). Suppose v*h + 2*g = 29, -g = -h + g + 7. What is the remainder when 24 is divided by h?
6
Let u = 9 + 25. Calculate the remainder when 133 is divided by u.
31
Suppose 0*w + 7*w - 133 = 0. Calculate the remainder when 67 is divided by w.
10
Calculate the remainder when 14 is divided by 20*4*(-1)/(-10).
6
Let a(y) = 2 - 1 - 6*y + y**2 - 2*y. Let d = -8 + 17. Calculate the remainder when 29 is divided by a(d).
9
Let h(j) = 3*j**2 + 2*j + 4. Calculate the remainder when h(3) is divided by 13.
11
Suppose 3*u - 6*u + 48 = 0. Let b = -9 - -72. Calculate the remainder when b is divided by u.
15
Calculate the remainder when 61/4 - 1/4 is divided by 5.
0
Let i = -60 + 110. What is the remainder when i is divided by 26?
24
Let n(d) = -d**3 - 4*d**2 - 3*d - 5. Let a be n(-4). Let c(b) = -b**3 + 6*b**2 + 9*b - 4. What is the remainder when 29 is divided by c(a)?
9
Let q be (4 - (-1 - 1))*1. Suppose -7*k + 2*l = -q*k, 4*k - 14 = l. Calculate the remainder when 9 is divided by k.
1
Suppose 0 = 3*v + 5*a + 28, -2*a - 5 = 2*v + 11. Let b = v - -22. Calculate the remainder when 62 is divided by b.
14
Let z be (-11 + 6)/((-1)/(-4)). What is the remainder when 19 is divided by ((-12)/(-3))/((-8)/z)?
9
Let z(q) = 31*q**3 - q**2 + 1. Let g be 4/(-14) - (-177)/7. Let y = g + -9. What is the remainder when z(1) is divided by y?
15
Suppose 3*o - 5*k = -3, -3*o + k = 3*k - 18. Suppose -18 = -o*y + 14. Let m(c) = -9*c + 3. What is the remainder when m(-3) is divided by y?
6
Suppose -5*m - 136 = 139. Let u = -13 - m. What is the remainder when u is divided by 15?
12
Suppose 3*f - 63 = -0*f. Calculate the remainder when f is divided by (-1)/((-4)/64*2).
5
Let r be (-12)/30 - 27/(-5). Let w be 2/5*(-20)/4. Let u = w + r. What is the remainder when 7 is divided by u?
1
Suppose 0 = -2*g - 3*k + 15, -4*g - 5*k + 15 = -16. Calculate the remainder when 143 is divided by g.
8
What is the remainder when ((-28 - 2)/(-6))/((-2)/(-20)) is divided by 24?
2
Let g(h) = -h 